common factor of 3780 and 32138694?
378
What is the greatest common divisor of 798 and 492419998?
266
Calculate the greatest common factor of 683683 and 187.
11
What is the greatest common factor of 476 and 736304?
68
What is the highest common factor of 1395 and 34631495?
155
Calculate the highest common factor of 3244 and 42544.
4
Calculate the greatest common divisor of 3524817 and 51483.
393
Calculate the greatest common divisor of 459 and 49068613.
17
Calculate the greatest common factor of 297 and 77525802.
27
What is the greatest common divisor of 856 and 136668960?
856
Calculate the highest common factor of 9002098 and 9212.
658
Calculate the highest common divisor of 49875 and 67674675.
1425
What is the highest common factor of 340 and 2557520?
20
What is the highest common factor of 172 and 27704836?
4
What is the greatest common factor of 50500 and 8501500?
500
Calculate the greatest common factor of 14807 and 427601.
17
What is the greatest common divisor of 52773969 and 3?
3
Calculate the highest common divisor of 606510338 and 98.
98
What is the greatest common factor of 11264 and 129000960?
5632
Calculate the greatest common divisor of 16380 and 412218.
18
Calculate the greatest common divisor of 66 and 68045846.
22
What is the highest common divisor of 4784472 and 756?
252
Calculate the highest common factor of 60043 and 1192813.
619
What is the highest common factor of 51894 and 172174?
62
What is the greatest common factor of 286572082 and 3482?
3482
Calculate the greatest common factor of 50445 and 2718045.
855
What is the greatest common factor of 21081768 and 3876?
204
Calculate the highest common divisor of 3040 and 9121653.
19
Calculate the highest common factor of 1442480 and 298570.
730
Calculate the greatest common divisor of 497 and 304852203.
71
What is the greatest common divisor of 320 and 6646880?
160
What is the highest common factor of 1590 and 518052?
6
Calculate the highest common divisor of 78 and 1383366.
6
Calculate the greatest common factor of 468 and 8982612.
36
What is the greatest common factor of 38672049 and 2223?
741
What is the highest common divisor of 26 and 615407?
13
Calculate the greatest common divisor of 86 and 48368679.
43
What is the highest common divisor of 1848 and 507408?
264
What is the highest common divisor of 7360 and 78532672?
1472
Calculate the greatest common factor of 724524 and 4470.
6
Calculate the greatest common divisor of 968420 and 105.
5
Calculate the greatest common divisor of 21901 and 57377.
181
What is the greatest common divisor of 156138 and 3928?
982
What is the highest common divisor of 396 and 36596868?
132
Calculate the highest common factor of 5615660 and 9760.
1220
Calculate the highest common factor of 450 and 17220240.
90
Calculate the greatest common divisor of 12700 and 2343404.
508
What is the highest common divisor of 19099 and 28514?
269
Calculate the greatest common factor of 47038420 and 7150.
1430
What is the greatest common divisor of 93000 and 50520?
120
What is the highest common factor of 1022 and 12342767?
73
What is the greatest common divisor of 65704 and 88408?
344
Calculate the highest common factor of 55 and 55335390.
55
Calculate the highest common factor of 150100 and 845500.
1900
Calculate the highest common factor of 178497 and 1082268.
297
Calculate the greatest common factor of 17117172 and 19188.
1476
What is the greatest common factor of 464 and 9475576?
232
Calculate the highest common divisor of 2180843 and 245.
49
Calculate the highest common divisor of 4 and 1714094.
2
What is the greatest common divisor of 1068843 and 873?
291
What is the greatest common divisor of 310 and 6020882?
62
What is the highest common factor of 39616 and 328689?
619
Calculate the highest common factor of 5900 and 404900.
100
What is the highest common factor of 344 and 795844?
172
Calculate the greatest common factor of 69462395 and 435.
145
What is the greatest common factor of 1770 and 37791624?
354
What is the highest common divisor of 4488 and 13256056?
1496
Calculate the greatest common divisor of 13952 and 587626848.
3488
What is the highest common divisor of 1862 and 143024?
14
Calculate the highest common factor of 13 and 572830.
1
What is the greatest common divisor of 1488 and 805938?
186
What is the greatest common divisor of 144609 and 34709523?
3363
What is the highest common factor of 160 and 21200240?
80
What is the highest common divisor of 882645 and 885?
15
Calculate the greatest common factor of 5109 and 25350.
39
What is the highest common factor of 171 and 31106952?
171
Calculate the highest common divisor of 9 and 53952828.
3
What is the highest common divisor of 595 and 1084430?
85
What is the highest common factor of 850 and 16655563?
17
What is the greatest common factor of 52830 and 755923338?
10566
What is the greatest common factor of 4924 and 41896?
4
What is the highest common divisor of 16816 and 23661163?
1051
Calculate the highest common divisor of 1441 and 171956495.
131
What is the highest common divisor of 65301 and 825?
3
What is the greatest common factor of 45576735 and 34325?
6865
What is the highest common factor of 5851134 and 279?
9
What is the greatest common divisor of 31356686 and 74?
74
What is the greatest common factor of 428712 and 2472?
24
Calculate the highest common factor of 3954888 and 616.
56
Calculate the highest common factor of 16125888 and 911424.
9024
What is the highest common factor of 1131 and 15155835?
87
What is the highest common factor of 5151128 and 152?
152
Calculate the highest common factor of 63 and 284521167.
63
Calculate the greatest common divisor of 3402 and 43123374.
378
Calculate the greatest common divisor of 43028 and 5216060.
124
Calculate the highest common divisor of 32279 and 36328773.
2483
Calculate the greatest common divisor of 391359074 and 38.
38
What is the highest common factor of 474500651 and 17?
17
Calculate the highest common divisor of 10908 and 363674538.
1818
What is the highest common factor of 4876 and 1466086?
106
What is the greatest common factor of 1784 and 81483308?
892
What is the highest common divisor of 2542496 and 154?
22
Calculate the greatest common divisor of 170649 and 74638.
67
What is the highest common factor of 4320 and 109965?
15
What is the highest common divisor of 3536 and 16126240?
208
Calculate the highest common factor of 650 and 144586.
26
What is the greatest common divisor of 171369 and 156944?
577
What is the greatest common factor of 10358 and 106775443?
5179
What is the highest common divisor of 9011545 and 406503?
1457
Calculate the highest common divisor of 224 and 56022008.
56
What is the highest common divisor of 3007 and 73873?
31
Calculate the greatest common factor of 236 and 479803222.
118
What is the highest common factor of 21 and 118367745?
3
What is the highest common divisor of 264 and 9818347?
11
Calculate the highest common factor of 28 and 200475408.
28
Calculate the greatest common divisor of 372 and 8528007.
93
Calculate the highest common divisor of 505680 and 5284055.
1505
Calculate the greatest common divisor of 15711244 and 1630.
326
Calculate the greatest common factor of 62475 and 113994825.
3675
Calculate the greatest common divisor of 20955450 and 225.
75
What is the greatest common factor of 2117 and 14065?
29
Calculate the greatest common divisor of 201197295 and 4095.
585
What is the greatest common factor of 21078 and 17316?
18
Calculate the greatest common divisor of 1202416 and 11458.
674
Calculate the highest common factor of 1747660816 and 352.
176
Calculate the greatest common divisor of 6513 and 12363.
39
Calculate the greatest common divisor of 9033596 and 715.
143
What is the greatest common factor of 18183 and 56097861?
1653
What is the highest common divisor of 23254 and 5646494?
2114
Calculate the highest common divisor of 1517 and 39516.
37
Calculate the greatest common divisor of 7562912 and 54264.
1064
Calculate the greatest common factor of 164125 and 30805.
505
What is the highest common divisor of 29146311 and 3078?
81
Calculate the highest common divisor of 294 and 6531000.
42
What is the highest common factor of 179402 and 2666098?
542
Calculate the greatest common f